4*x + x**2 + 7 - 33*x + n*x. Suppose -3*j + 2*j + 5 = 0. Give g(j).
27
Let m(g) = 2*g + 3. Suppose -243*h = -240*h + 6. Let c be (9/(-27))/((h - -1)/(-18)). Determine m(c).
-9
Let m(u) = u**2 - 11*u + 11. Let h(j) = j**2 + 35*j + 97. Let o be h(-32). Let v be 2 + o + 4 + 2. Determine m(v).
-7
Let a(c) = c**3 - 9*c**2 - 2*c + 7. Let r(i) = 3*i**3 - 28*i**2 - 11*i + 22. Let j(n) = -8*a(n) + 3*r(n). Determine j(13).
-42
Let s(r) be the second derivative of r**4/4 - 7*r**3/3 + 11*r**2 - 1614*r. Determine s(2).
6
Let r(t) = t**3 - 7*t**2 + 2*t - 10. Let h = 153 + -155. Let k be (h/2)/((-40)/(-14) - 3). What is r(k)?
4
Suppose 42*j - 43*j = -2*h - 6, -5*h - 4 = 3*j. Let l(d) = -6*d**3 + 6*d**2 + d + 6. Let m(s) = s**3 - s**2 - 1. Let r(p) = -l(p) - 5*m(p). Calculate r(j).
1
Let n(c) be the third derivative of -c**6/720 + c**5/120 - 7*c**4/8 - 46*c**2. Let r(a) be the second derivative of n(a). Let w = -17 - -11. Calculate r(w).
7
Let t be (-9)/(27/(-6)) + 0. Let c(n) = -n - 7*n - n - t. Let q(a) = a**3 + 4*a**2 - 6*a - 26. Let z be q(-4). Determine c(z).
16
Let t(g) = -817*g - 3262. Let a be t(-4). Let k(n) = -n. Let v(l) = 4*l + 5. Let d(q) = 3*k(q) + v(q). Determine d(a).
11
Suppose 0 = -5*k - 4 + 19. Suppose 4*h = k*h + 3. Suppose -25 = 2*x - h*u, 20 = u + 3*u. Let y(s) = -s**2 - 3*s + 2. Determine y(x).
-8
Let m(y) = -y + 7. Let n(h) = 3*h + 2. Let l be n(2). Let q = l + -7. Suppose 0 = w - q + 2, -4*c + 4*w + 48 = 0. Give m(c).
-4
Let i(f) = 11*f**2 - 29*f + 29. Let l(q) = 194*q + 195. Let o be l(-1). Calculate i(o).
11
Let y(u) = u**2 - 14*u + 15. Let h(x) = -x + 3. Let r(d) = 6*h(d) - y(d). Calculate r(8).
3
Suppose 0 = -3*n - 31 + 10, 4*n = u - 22. Let y(g) = 39*g + 231. Determine y(u).
-3
Let u(b) be the second derivative of b**6/360 - b**5/10 + b**4/2 - 53*b. Let y(t) be the third derivative of u(t). Determine y(5).
-2
Let j(b) be the first derivative of b**3/3 + 5*b**2/2 - 17*b - 2132. Determine j(-9).
19
Suppose -2*n - j = 20, 0*n - 5*j = -2*n - 32. Let z(h) be the first derivative of h**2/2 + 10*h - 294. Determine z(n).
-1
Let b(p) = -2*p**2 + 2*p - 1. Suppose 13 = 3*d + 2*f, 5*f - 15 = -d - 3*d. Suppose 0 = -0*o - o + d. Suppose -2*k = o*x - 7, 2*k - 2*x - 3*x = -3. What is b(k)?
-1
Let q = 572 + -564. Let f(p) = -5*p - 7. Calculate f(q).
-47
Let r(j) = -j**2 + 21*j - 13. Suppose -5*s = -3*o - 21 - 70, 9 = 3*o. Calculate r(s).
7
Suppose 0*y = 17*y - 1224. Suppose 3*x + y = -5*x. Let q(z) = -4*z - 7. Determine q(x).
29
Let f(o) be the third derivative of o**9/30240 - o**6/720 - 2*o**5/15 + o**4/8 + 44*o**2. Let m(u) be the third derivative of f(u). Calculate m(1).
1
Let b(c) = -8*c + 4. Let l be (-3)/6*2/28*0. What is b(l)?
4
Let t(c) be the third derivative of -5*c**4/24 + c**3/6 + 6*c**2. Suppose -224*a = -294*a + 210. What is t(a)?
-14
Suppose -9 = s + 2*s. Let t(z) = 13*z - 47. Let v be t(5). Let g(m) = 4 + m - 24 + 2*m + v. Determine g(s).
-11
Let h(q) = q**3 + 8*q**2 - 12*q - 29. Let k be h(-9). Let v(c) = 2*c**2 - 4*c + 3. Calculate v(k).
19
Let p = -64 - -69. Let z(c) = -3*c - 2*c - c**2 + 3*c + 4 - p*c. Suppose 0 = 5*k + 31 + 4. Calculate z(k).
4
Let a(f) be the first derivative of -9/2*f**2 + 20 - 1/3*f**3 + 0*f. Give a(-7).
14
Let q(i) = -39*i - 531. Let z(u) = 3*u + 44. Let j(m) = q(m) + 12*z(m). Suppose -3*b - y - 10 = -b, 4*y = -b - 12. Give j(b).
9
Let h(d) = -279 - 5*d + 284 - 2*d**2 + d. Suppose 23 = 8*c - 17. Suppose -c*i = 8 + 12. Determine h(i).
-11
Let i(x) = x**3 - 23*x**2 + 24*x - 45. Let k = 21054 + -21032. Give i(k).
-1
Let d = -84 + 171. Let q(a) = 83 - a**2 + 5*a + d - 184 + 7*a. What is q(10)?
6
Suppose f - 45 = -36. Let g(l) = -5*l**2 + 211 + l - 4*l + 4*l**2 + 11*l - 207. Calculate g(f).
-5
Let x(h) = -h**3 - 3*h**2 + h + 7. Let n be x(-3). Let d(z) = 1 - 2*z - 2 - n + 4. Calculate d(-5).
9
Let d(l) = -3*l - 3. Let u(s) = -23*s + 35. Let k(n) = -4*d(n) + u(n). Give k(4).
3
Let i(q) = -36*q**2 + 49 - 81*q + 76*q**2 - 39*q**2 + 64*q. Calculate i(13).
-3
Suppose 3*t - 6*t + 15 = 0. Suppose 2130*l - 2123*l - 119 = 0. Let j(i) = t - l + i + 7. What is j(0)?
-5
Let h(f) = 30*f + 4. Let b = -869 + 870. Calculate h(b).
34
Let j(w) be the first derivative of w**4/4 + 7*w**3/3 + 5*w**2 + 9*w - 9. Let h(p) = -5*p + 18. Let v be h(5). Let r = 1 + v. Calculate j(r).
-15
Let j = -73 + 76. Let d = 8 + -6. Let c(v) = -j*v - 6 - 2 - v**d + 7. Determine c(-5).
-11
Let q(j) = j**2 - 23*j + 100. Let m = -4025 - -4041. What is q(m)?
-12
Let a(y) = y + 4. Let r be a(2). Let b(l) = l + 2. Let c(j) = j**3 - 7*j**2 + 13*j + 6. Let u(q) = 5*b(q) - c(q). Determine u(r).
-8
Suppose 0 = -9*a + 12*a - 12. Let z(i) = i**2 - 3*i - 4. Let n be z(a). Suppose n = 3*p - 12, 0*k - 32 = 2*k - 5*p. Let d(c) = -c**2 - 8*c - 8. Calculate d(k).
4
Suppose 2*p - 344 = -4*q, 4*p = -q + p + 91. Let o = 90 - q. Let u(v) = 1 + 3 + 6 + v - o. Give u(-7).
-2
Let b(n) be the first derivative of n**6/90 - n**4/24 + n**3/3 - 21*n**2/2 + 36. Let l(a) be the third derivative of b(a). Give l(1).
3
Let y be (-8)/(-1) - ((-2025)/(-180) - (-9)/12). Let x(u) = -9*u + 1. What is x(y)?
37
Let y(j) = -4*j**2 + 18 + 40*j - j**3 - 14*j - 9*j + 9*j - 17*j. What is y(-2)?
-8
Let x(j) = -71*j + 151 + 146*j - 62*j. What is x(-11)?
8
Let b(m) = m**2 - m - 3. Let q = 151 - 71. Suppose 3*w + 23 = q. Let v be 3 + 0 + w + -18. Give b(v).
9
Let m(a) = -a**3 + 16*a**2 + a + 19. Let k be m(16). Let i(o) = 0*o - k*o**3 - o + 4*o**2 - 5*o**2 + 44*o**3. Determine i(-1).
-9
Let y(w) = 26*w**3 + 4*w - 3. Let t = 1857 + -1856. Give y(t).
27
Let a = 2 + 0. Let p(i) = 21*i + 0*i**2 - 5*i**2 - 7*i - 15*i. Give p(a).
-22
Let m(s) = 27437*s - 4 - 27437*s + 9*s**2 + s**3. Determine m(-8).
60
Let d(a) be the third derivative of -7*a**4/24 - a**3/2 + 2*a**2 - 242*a - 1. What is d(-3)?
18
Let x(z) = -z**3 + 7*z**2 - 4*z - 3. Suppose 368 = 4*v + 72. Let p be ((-216)/(-45))/(v/40 + -2). Let w be p/18 + (-4)/18 + 8. Calculate x(w).
9
Let r(a) = a**2 - 9*a + 6. Let d(k) = k**3 - 3*k**2 - 7*k + 1. Let l be d(5). Suppose -13*m - l = -15*m. Determine r(m).
-2
Let w(n) = 14*n + 32. Let y(a) = 11*a + 1. Let b(k) = w(k) - y(k). Give b(-7).
10
Let j(r) = -7*r**2 + 6*r + 2. Let f(t) = -2*t**2 + t - 1. Let i(g) = 22*g**2 - 16*g + 3. Let d(y) = -6*f(y) - i(y). Let m(u) = -5*d(u) + 7*j(u). What is m(6)?
-13
Let i(v) = v**3 - 9*v**2 + v + 12. Suppose 1296 = 19*x - 7349. Let q = 464 - x. Determine i(q).
21
Let x(h) = -h**2 - 4*h + 4. Let g be 2 - (-387)/12 - (-1)/(-4). Let b = 41 - g. Suppose 0*q + b*q = -28. Calculate x(q).
4
Let i(u) be the first derivative of 8*u**3/3 - 25*u**2 + 6*u - 3049. What is i(6)?
-6
Let s(g) = -34*g - 54*g - g**2 - 27*g + 142*g - 55. Calculate s(25).
-5
Let o(m) be the third derivative of 1/24*m**4 + 4*m**2 - 7/6*m**3 + 0 - 4*m. Give o(9).
2
Let h(a) = -5*a**3 + a**2 + 8*a - 16. Let k(c) = 8*c**3 - 17*c + 33. Let j(p) = -5*h(p) - 3*k(p). Give j(3).
-4
Let x(c) = c**2 - 7*c + 4. Let h = 49 + -35. Suppose h = 4*v + 10. Let g be (-8)/20*(1 - (v - -15)). What is x(g)?
-2
Let z be (4/(-6))/((-60)/(-27) + -2). Let l be (3/(-7) + 144/42)*z. Let u(p) = 4*p + 4. Let y(d) = 7*d + 9. Let w(c) = -5*u(c) + 3*y(c). What is w(l)?
-2
Suppose -36*l = -49*l + 585. Let a be l/15 + (-2 - 5). Let k(s) = 3 + s + 1 - 2*s - 2. Calculate k(a).
6
Suppose -a - 2*m - 9 = 0, -4*a + 5*a = m + 3. Let o(v) be the first derivative of 11*v**2/2 + v + 609. Calculate o(a).
-10
Let d(f) be the second derivative of -f**4/12 + 5*f**3/2 - 5*f**2 + 63*f. Give d(11).
34
Let w = 10835 - 10837. Let c(g) = g**2 + 7*g + 9. Calculate c(w).
-1
Let k(r) = -r**3 - 21*r**2 + 2*r + 47. Suppose 29*j - 63 = 32*j. Let y be k(j). Let t(g) = g**3 - 4*g**2 - 5*g + 9. Give t(y).
9
Let s(n) = -n**3 - 12*n**2 + 2*n + 1. Suppose -6 = 58*l - 60*l + 2*b, 15 = -5*b. Determine s(l).
1
Let u(x) be the first derivative of x**2/2 + 7*x + 89. Let d(q) = -1. Let n(f) = 6*d(f) + u(f). Give n(5).
6
Let c(a) = 2. Let w(q) = -4*q - 3. Let s(r) = -2*c(r) - w(r). Let v(i) = -17*i + 13. Let k(j) = -4*s(j) - v(j). Calculate k(9).
0
Let m(z) = z**2 - 13*z + 57. Let a be m(4). Suppose 18*l - 25*l = a. Let k(y) = y**3 + 3*y**2 + 2*y + 4. Calculate k(l).
-2
Let j be (-1)/(-4) + 9/(-4). Let r = -67 + 70. Let y(u) = 2*u**3 + 1 + 2*u**2 + 0*u**3 - r*u + 1 - 5. Dete